he second derivative of 27*p**5/20 + p**2/2 + 8*p. What are the prime factors of r(y)?
2, 7
Let r(a) = 150*a - 25. List the prime factors of r(3).
5, 17
List the prime factors of 3*4/20 + 6336/15.
3, 47
Let v(a) = -5*a - 1. Suppose -13 = -d + 4*d + 4*s, 5*d + 31 = -2*s. List the prime factors of v(d).
2, 17
Suppose -3*h + 5*q = h + 110, 2*h - q = -52. Let j = h - -41. What are the prime factors of j?
2
Suppose 5*m + 3*h - 4533 = 4*m, 3*m - 13557 = 5*h. What are the prime factors of m?
2, 3, 13, 29
Let o = -28 - -33. Suppose -2*b + 277 = 5*g, 0 = -o*g + 4*b + 312 - 41. What are the prime factors of g?
5, 11
Let g(o) = 6*o - 10. Let p(j) = -1. Let i(s) = 2*g(s) + 6*p(s). List the prime factors of i(8).
2, 5, 7
Suppose -2*f + 275 + 17 = -m, 594 = 4*f + 3*m. Suppose -4*y + 51 = f. List the prime factors of 9/((-108)/16)*y.
2
Let d(p) = 227*p + 29. What are the prime factors of d(2)?
3, 7, 23
Suppose 34 + 311 = 5*z. Let u = -56 + z. What are the prime factors of u?
13
Suppose o - 2*o = 0. Let z(k) = k + 47. List the prime factors of z(o).
47
Suppose 6 = -0*c + 2*c. Let d(v) = 1 + 2 - c - 1 + v. What are the prime factors of d(6)?
5
Suppose -2*o + 35 = -m - 110, 5*o = -2*m + 349. Suppose 5*d - o = -11. List the prime factors of d.
2, 3
Let c = -6 + 15. Suppose 2*y = y + c. What are the prime factors of y?
3
Let c be (8/7)/(2/7). Suppose n - 6 = c. List the prime factors of n.
2, 5
Let v(p) = p**2 + 12*p + 34. Let h be v(-9). Let x(q) = 2*q**2 - 7*q + 1. What are the prime factors of x(h)?
2, 5
Let o = -6 + 8. Let j(m) = 3*m - 3*m + 4*m - o*m. List the prime factors of j(9).
2, 3
Let h = 45 - -20. What are the prime factors of 10/h + 0 + (-401)/(-13)?
31
Let l(p) = 958*p**2 + 7*p + 4. What are the prime factors of l(-1)?
5, 191
Suppose -3*q - 3*z + 975 = 0, 2*q - 487 = 4*z + 145. List the prime factors of q.
2, 7, 23
What are the prime factors of ((-86645)/(-62))/((-2)/(-4))?
5, 13, 43
Let f(j) = j**3 + 24*j**2 + 29*j + 64. What are the prime factors of f(-22)?
2, 197
Suppose z + 2*w - 11 = 0, -2*w - 8 = 3*z - 25. Suppose -z*g + 8 + 19 = -5*l, 4*g - 22 = 2*l. List the prime factors of g/16 - (-158)/8.
2, 5
Suppose 9*u = -3*u - 192. Suppose -2*c + c = 13. Let d = c - u. List the prime factors of d.
3
What are the prime factors of (-112)/((1/13)/((-5)/10))?
2, 7, 13
What are the prime factors of (((-12)/(-8))/3)/(5/10630)?
1063
Let c(t) = 3*t**2 - 7*t - 1. Let p be c(10). Let q = -151 + p. What are the prime factors of q?
2, 3, 13
Let m = 26 + -24. Suppose 2*k = -m*k + 132. What are the prime factors of k?
3, 11
Let h be 5/2*(-5 - 33/(-5)). Suppose -16 = h*z, -20 = -3*w + 4*z + 155. List the prime factors of w.
53
Suppose 3*k = -2*g + 4*k + 1378, 2*g + 5*k - 1354 = 0. List the prime factors of g.
3, 229
Suppose -5 = -0*l - 5*l. Suppose 8*d - 3*d = 100. Let t = d + l. What are the prime factors of t?
3, 7
Let a(o) = 4 + 1 - 3 + 19*o - 3. Let t be a(2). Suppose l - 13 = -l + q, -3*l = 2*q - t. What are the prime factors of l?
3
Let w(p) = p**2 + 16*p - 12. Let f be w(-17). Suppose -2*l + 599 = f*u - 0*u, -248 = -2*u - 5*l. List the prime factors of u.
7, 17
Let l = 68 - 174. Let t = -63 - l. List the prime factors of t.
43
Let v(u) = 9 + 5*u**2 + u - 3*u - 4*u**2 - 15. List the prime factors of v(-7).
3, 19
Suppose 4*t + 508 = i + 2*t, -988 = -2*i - 3*t. What are the prime factors of i?
2, 5
Let f(x) = -x**3 - 8*x**2 - 28*x - 45. List the prime factors of f(-18).
3, 137
Let g be 468 - (-5)/(10/4)*-2. Suppose -11*p = -15*p + g. List the prime factors of p.
2, 29
Let y be (-1723)/(-3) - 5/(90/(-12)). Let q = -336 + y. List the prime factors of q.
239
List the prime factors of 7 - (6 + 3) - -52.
2, 5
Let r(n) = 53*n + 1. Let b be r(4). Suppose 0 = w - 4*w + b. Let x = 116 - w. What are the prime factors of x?
3, 5
Suppose -11*q - 63 = -151. What are the prime factors of q?
2
Let s = 119 - 111. Suppose 0 = 4*p - 11*t + s*t - 621, 5*p + 4*t - 753 = 0. List the prime factors of p.
3, 17
List the prime factors of 424*(135/10)/3.
2, 3, 53
Let b = 18 - 24. Let v be ((-16)/b)/((-2)/(-57)). Suppose 0*a - v = -4*m + 4*a, 0 = 4*a + 16. List the prime factors of m.
3, 5
Let c(q) = -52*q**3 - 6*q**2 + 26*q - 3. Let y(m) = 17*m**3 + 2*m**2 - 9*m + 1. Let f(i) = -6*c(i) - 17*y(i). List the prime factors of f(2).
11, 17
Let f(b) = 10*b**2 + 18*b - 12. Let t(o) = -7*o**2 - 12*o + 8. Let s(p) = -5*f(p) - 7*t(p). Let r be 6/(-1)*(1 + 0). What are the prime factors of s(r)?
2
Suppose -2*w + 2 - 10 = 0. Let u be 0 - w/4 - -2. Suppose 5*b - 35 - 24 = -4*v, u*b = 4*v - 67. What are the prime factors of v?
2
Suppose 3*i + 11 = -5*p, -4*i + 5*p + 28 = p. Suppose -i = -b - 2. Suppose 3*x - 17 = b. List the prime factors of x.
2, 3
Suppose 0*v + 4 = -4*v. Suppose -2*g - g = 15. What are the prime factors of (v/2)/(g/50)?
5
Let k be 2/(((-3)/4)/(12/(-8))). Suppose -126 = -k*s + 238. List the prime factors of s.
7, 13
Let n = 1 - -1. Suppose -3*d = -n*d - 5*l + 55, -2*d - 82 = -3*l. Let q = -19 - d. What are the prime factors of q?
2
Let z(r) = 184*r - 1. Let q(u) = -u**2 + 4*u - 3. Let k be q(2). What are the prime factors of z(k)?
3, 61
Let j(n) = 5*n**2 - 23*n - 43. List the prime factors of j(20).
3, 499
Suppose -3241 = -13*u - 953. List the prime factors of u.
2, 11
Let t = -7 - -43. Suppose 0*y + 5*y = 145. Let i = t + y. List the prime factors of i.
5, 13
Let d(i) = -3*i**3 + 22*i**2 + 4*i + 18. What are the prime factors of d(-7)?
3, 233
Let t = 293 + -253. Let c(m) = -m**2 - 8*m + 7. Let d be c(-6). Let x = t - d. List the prime factors of x.
3, 7
Let b be 5 + 0*5/(-10). Suppose -3*a + 321 = b*c, 2*a - 123 = -2*c - a. What are the prime factors of c?
2, 3, 11
Let q(y) = 2*y**2 + 9*y - 15. Suppose -3*m - 9 = -2*l, 12*m = 17*m - 15. List the prime factors of q(l).
2, 3, 19
Let o be -30*3/((-12)/(-16)). Let b be (4/6)/(16/o). List the prime factors of (-6)/(-15) + (-98)/b.
2, 5
Suppose 7787 = 5*m - 7*v, -3*m - 4*v + 3743 = -962. What are the prime factors of m?
3, 521
Let z(b) be the second derivative of -b**3 + 4*b**2 + 30*b. List the prime factors of z(-8).
2, 7
Let t(a) = 33*a**2 - 11*a - 48. What are the prime factors of t(-5)?
2, 13
List the prime factors of (((-156)/16)/13)/(6/(-24608)).
2, 769
Let u(f) = -89*f + 333. List the prime factors of u(-13).
2, 5, 149
Suppose -z - 4*w = -29, -5*z - w + 8 = -99. Let o = z + -16. Suppose 5*c + o*h + 0*h = 215, 2*c + 4*h - 84 = 0. What are the prime factors of c?
2, 11
Let n(s) = 5*s**2 - 15*s + 378. List the prime factors of n(-29).
2, 13, 193
Let l(t) = 203*t**2 + 84*t + 16. List the prime factors of l(4).
2, 3, 5
Suppose -12*n + 7*n = 25, -2*h = -3*n - 1307. List the prime factors of h.
2, 17, 19
Suppose 0 = 2*l + j - 18, 0 = -3*l - 2*l + 3*j + 23. Let i(s) = -s**2 + 31*s - 127. Let n be i(5). Suppose -n*u - 1 = -l. List the prime factors of u.
2
Let g(m) be the second derivative of -47*m**3/6 + 3*m. What are the prime factors of g(-1)?
47
Suppose -5*z = -r - r + 2048, 3067 = 3*r - 5*z. List the prime factors of r.
1019
Suppose -3*v - v - 5*v = 0. Suppose -5*b + 495 = -3*a + 8*a, v = -5*b + 10. What are the prime factors of a?
97
Let r(n) = 61*n**2. Let k(j) = -2*j + 7. Let m be k(3). List the prime factors of r(m).
61
Suppose 1 = -3*w - 8. Let r be (-8)/w + 16/(-24). What are the prime factors of ((-1065)/10)/(-3)*r?
71
Suppose 0 = -f + 13 - 8, -3*g + 323 = -2*f. List the prime factors of g.
3, 37
Suppose 0 = -4*l + 4*d + 10 + 26, 2*l - 14 = d. Suppose l = -q + 6*q, -5*q + 225 = 4*u. What are the prime factors of u?
5, 11
Let j(y) be the third derivative of y**5/60 - y**4/12 - 5*y**3/6 - 4*y**2. Let h be j(4). Let s(p) = p**2 + 1. What are the prime factors of s(h)?
2, 5
What are the prime factors of (-1412)/(-3) + 8/(32 - 8)?
3, 157
Suppose -k - 4 = -2*k, -d - 311 = 4*k. Let v = -139 - d. List the prime factors of v.
2, 47
Let c be (-3)/(-9)*3*71. Suppose 6*a - c = 415. What are the prime factors of a?
3
Let y(i) = -2426*i**3 + 5*i + 4. List the prime factors of y(-1).
5, 97
Let d(x) = 6*x**2 + 26*x - 2. Let y = 62 - 69. List the prime factors of d(y).
2, 5, 11
Let z = -22 + 27. Suppose z*q - 255 + 10 = 0. What are the prime factors of q?
7
Let c = 57058 - 33730. What are the prime factors of 4/22 - c/(-198)?
2, 59
Suppose